f 569?
6
What is the units digit of 175?
5
What is the hundreds digit of 2771?
7
What is the units digit of 1154?
4
What is the hundreds digit of 7181?
1
What is the tens digit of 12412?
1
What is the units digit of 29946?
6
What is the tens digit of 88923?
2
What is the hundreds digit of 361?
3
What is the tens digit of 622?
2
What is the tens digit of 1074?
7
What is the units digit of 14019?
9
What is the thousands digit of 29341?
9
What is the ten thousands digit of 22490?
2
What is the tens digit of 8948?
4
What is the hundreds digit of 7036?
0
What is the units digit of 2840?
0
What is the tens digit of 576?
7
What is the thousands digit of 93412?
3
What is the units digit of 1?
1
What is the hundreds digit of 155?
1
What is the tens digit of 1894?
9
What is the units digit of 1249?
9
What is the hundreds digit of 183?
1
What is the thousands digit of 1702?
1
What is the units digit of 1305?
5
What is the ten thousands digit of 73082?
7
What is the thousands digit of 1848?
1
What is the ten thousands digit of 47235?
4
What is the tens digit of 9688?
8
What is the units digit of 7159?
9
What is the thousands digit of 1542?
1
What is the units digit of 388?
8
What is the tens digit of 25636?
3
What is the thousands digit of 21928?
1
What is the hundreds digit of 72194?
1
What is the tens digit of 8552?
5
What is the hundreds digit of 446?
4
What is the units digit of 1049?
9
What is the tens digit of 4756?
5
What is the units digit of 5942?
2
What is the tens digit of 6851?
5
What is the hundred thousands digit of 120083?
1
What is the hundreds digit of 3595?
5
What is the tens digit of 8948?
4
What is the ten thousands digit of 22753?
2
What is the hundreds digit of 152?
1
What is the hundreds digit of 876?
8
What is the ten thousands digit of 20243?
2
What is the hundreds digit of 1958?
9
What is the hundreds digit of 33408?
4
What is the tens digit of 538?
3
What is the tens digit of 2405?
0
What is the units digit of 911?
1
What is the thousands digit of 9701?
9
What is the hundreds digit of 11505?
5
What is the hundreds digit of 45866?
8
What is the ten thousands digit of 59708?
5
What is the ten thousands digit of 46836?
4
What is the hundreds digit of 5414?
4
What is the hundreds digit of 8436?
4
What is the units digit of 29245?
5
What is the units digit of 151151?
1
What is the units digit of 3067?
7
What is the tens digit of 1603?
0
What is the tens digit of 6956?
5
What is the hundreds digit of 2252?
2
What is the tens digit of 59199?
9
What is the hundreds digit of 992?
9
What is the units digit of 9327?
7
What is the units digit of 1894?
4
What is the ten thousands digit of 21161?
2
What is the hundreds digit of 4771?
7
What is the hundreds digit of 65561?
5
What is the units digit of 11581?
1
What is the units digit of 110?
0
What is the units digit of 1351?
1
What is the thousands digit of 8176?
8
What is the units digit of 3906?
6
What is the thousands digit of 7247?
7
What is the thousands digit of 6596?
6
What is the thousands digit of 52785?
2
What is the units digit of 917?
7
What is the tens digit of 2351?
5
What is the thousands digit of 9448?
9
What is the units digit of 8066?
6
What is the ten thousands digit of 56063?
5
What is the units digit of 101893?
3
What is the units digit of 61428?
8
What is the hundreds digit of 162911?
9
What is the thousands digit of 35329?
5
What is the thousands digit of 146652?
6
What is the tens digit of 319?
1
What is the thousands digit of 4652?
4
What is the thousands digit of 4610?
4
What is the hundreds digit of 21631?
6
What is the hundreds digit of 5051?
0
What is the tens digit of 85?
8
What is the hundreds digit of 702?
7
What is the tens digit of 2969?
6
What is the thousands digit of 5459?
5
What is the thousands digit of 1974?
1
What is the units digit of 4452?
2
What is the hundreds digit of 1512?
5
What is the ten thousands digit of 54742?
5
What is the thousands digit of 143604?
3
What is the hundreds digit of 100?
1
What is the units digit of 872?
2
What is the ten thousands digit of 11353?
1
What is the thousands digit of 5335?
5
What is the thousands digit of 2399?
2
What is the units digit of 813?
3
What is the hundreds digit of 68965?
9
What is the units digit of 85422?
2
What is the hundreds digit of 522?
5
What is the thousands digit of 8584?
8
What is the hundred thousands digit of 157733?
1
What is the tens digit of 17147?
4
What is the tens digit of 179?
7
What is the hundreds digit of 133?
1
What is the units digit of 3427?
7
What is the units digit of 13401?
1
What is the hundreds digit of 395?
3
What is the hundreds digit of 2526?
5
What is the tens digit of 862?
6
What is the units digit of 1349?
9
What is the hundreds digit of 139695?
6
What is the tens digit of 19671?
7
What is the thousands digit of 4454?
4
What is the thousands digit of 2260?
2
What is the units digit of 16103?
3
What is the hundreds digit of 687?
6
What is the ten thousands digit of 64944?
6
What is the tens digit of 2012?
1
What is the thousands digit of 83891?
3
What is the units digit of 6101?
1
What is the units digit of 13671?
1
What is the thousands digit of 2343?
2
What is the tens digit of 2439?
3
What is the hundreds digit of 20055?
0
What is the tens digit of 507?
0
What is the hundreds digit of 2718?
7
What is the units digit of 25848?
8
What is the tens digit of 42957?
5
What is the units digit of 555?
5
What is the tens digit of 11863?
6
What is the hundreds digit of 3603?
6
What is the units digit of 10347?
7
What is the thousands digit of 48019?
8
What is the hundreds digit of 9511?
5
What is the hundreds digit of 598?
5
What is the hundreds digit of 1779?
7
What is the hundreds digit of 580?
5
What is the units digit of 16334?
4
What is the hundreds digit of 3052?
0
What is the tens digit of 3829?
2
What is the tens digit of 145231?
3
What is the units digit of 2195?
5
What is the hundreds digit of 12080?
0
What is the tens digit of 12720?
2
What is the units digit of 2050?
0
What is the tens digit of 642?
4
What is the units digit of 2846?
6
What is the tens digit of 2811?
1
What is the hundreds digit of 189764?
7
What is the tens digit of 66326?
2
What is the hundreds digit of 6067?
0
What is the thousands digit of 5649?
5
What is the hundreds digit of 24284?
2
What is the tens digit of 15695?
9
What is the tens digit of 29329?
2
What is the tens digit of 1657?
5
What is the units digit of 383?
3
What is the tens digit of 2730?
3
What is the thousands digit of 2636?
2
What is the units digit of 21188?
8
What is the thousands digit of 3903?
3
What is the tens digit of 3853?
5
What is the units digit of 21381?
1
What is the thousands digit of 6773?
6
What is the hundreds digit of 5792?
7
What is the tens digit of 527?
2
What is the units digit of 6050?
0
What is the thousands digit of 1469?
1
What is the thousands digit of 6232?
6
What is the hundreds digit of 2602?
6
What is the hundreds digit of 331?
3
What is the tens digit of 33?
3
What is the thousands digit of 1693?
1
What is the thousands digit of 21482?
1
What is the thousands digit of 1635?
1
What is the units digit of 268?
8
What is the thousands digit of 23409?
3
What is the thousands digit of 6724?
6
What is the thousands digit of 4889?
4
What is the thousands digit of 2434?
2
What is the thousands digit of 6293?
6
What is the tens digit of 646?
4
What is the units digit of 18931?
1
What is the units digit of 38970?
0
What is the units digit of 5639?
9
What is the thousands digit of 28094?
8
What is the tens digit of 368?
6
What is the thousands digit of 4214?
4
What is the tens digit of 579?
7
What is the ten thousands digit of 14195?
1
What is the tens digit of 3577?
7
What is the tens digit of 1022?
2
What is the thousands digit of 30077?
0
What is the thousands digit of 3462?
3
What is the units digit of 212?
2
What is the hundreds digit of 777?
7
What is the units digit of 324?
4
What is the tens digit of 1088?
8
What is the thousands digit of 3748?
3
What is the tens digit of 17969?
6
What is the tens digit of 15344?
4
What is the tens digit of 1583?
8
What is the thousands digit of 18317?
8
What is the hundreds digit of 949?
9
What is the units digit of 980?
0
What is the units digit of 72542?
